 (-3 - -54) - (7 + 0)) + 18
-45
What is -15 + (-4 - -22) + -53 + 51 + 19 + -1?
19
What is 3 + -2 - (-2 + (-9 - (-10 + 10 + 2)))?
14
Calculate (62 - (0 + 17 - 6)) + (4 - (3 - 6)).
58
What is the value of 33 - (-13 - -7 - (-16 + -2))?
21
Calculate 22 - (20 - -18 - 13 - -6).
-9
What is the value of (-9 + 13 + -35 - (5 + 1)) + -5 + 1?
-41
Evaluate -32 + -407 + 398 + (-1 - 3).
-45
What is (21 + -25 - 23) + (1 - 7) - -7?
-26
Calculate 0 - (134 + (-164 - -58)).
-28
What is the value of -1 - 54 - (-30 + (-18 - -42) + -3)?
-46
17 - (4 - -16) - (1 + -23) - (-5 - -15)
9
What is the value of 167 - (-46 + 83 - -78)?
52
What is the value of -79 + -69 + 172 - 61?
-37
Evaluate 14 + 89 + -64 + (5 - -12).
56
What is 11 + -40 + 23 + -6 + -2 + -1?
-15
What is the value of -160 - -3 - -99 - -134?
76
Evaluate -67 + 1 + 149 + -111.
-28
(2 - -9) + -1 + -17 + 10 + (-1 - -8)
10
What is the value of 53 + 3 + (12 - 34 - -4)?
38
What is 4 + (-48 - 4) + (-79 - -65) + -5 + 9?
-58
Calculate -163 - 0 - (13897 - 14018).
-42
What is (-124 - (-9 + 2 + -33)) + -11?
-95
What is 6 + -15 - (-2 - -2) - (-3 - 26 - 13)?
33
What is -82 - 2 - (52 + -43 + -4)?
-89
What is the value of -194 - -118 - (-6 - -7 - (4 + 1))?
-72
Evaluate -7 + (-2 - -21) + 7 + (-71 - (0 - 7)).
-45
Evaluate 16 - (13 - (16 + (-3 - 16))).
0
What is the value of (1 - -26 - -1) + 368 + (185 - 540)?
41
What is 50 - (-3 - (-45 + -9))?
-1
What is the value of (-3 - ((-5 - -8) + 0 + -1)) + (1 - 6)?
-10
-49 + (21 - (28 - (24 + -11)))
-43
Evaluate -8 - (15 - ((-2 - (-6 + -5)) + -5)).
-19
What is the value of 64 - 73 - (-15 + 1) - ((-27 - -7) + -5)?
30
3 - (73 + -114 + 14 - (1 + -15))
16
Evaluate 6 + (-95 - (-10 - 78)).
-1
Calculate 6 + (-19 - 1) - (-15 + 35).
-34
-5 + (7 - 17) - -70
55
Evaluate -3 + -3 - (94 + -147 - (-1 - -2 - 11)).
37
What is the value of (-30 - -24) + -15 - (20 - 7)?
-34
Evaluate 5 + -12 - 4 - (4 - (-4 + 3 + 3)).
-13
-33 + -2 + 10 + (1 + 14 - 26)
-36
Evaluate ((6 - 13) + -2 - 1) + 8 + -43.
-45
Evaluate -37 + (-7 + 35 + -1 - 53).
-63
Evaluate (10 - (-15 - -34)) + (-34 - -33) - -21.
11
What is the value of 6 - (10 + 162) - (33 - 59)?
-140
Evaluate 61 - 31 - -17 - 7.
40
Evaluate 32 + -15 - 35 - 1 - -1.
-18
Calculate -21 - (-47 + 28 - -34).
-36
What is the value of 1 + -36 - (24 + (-15 - (-8 + 42)))?
-10
What is the value of -1043 - -969 - (-121 + -5)?
52
What is the value of 14 + (11 + -45 - 33) - 5?
-58
What is -1 - ((-2 - -1) + 8 - (-1 + 46))?
37
What is (30 - (18 + 66)) + 27?
-27
33 - (3 - -43 - 61)
48
What is (-12180 - -12164) + 1 + 56?
41
What is the value of 10 + -57 + 34 + (-8 - -20)?
-1
-96 + 228 + -85 + 3 + -2
48
Calculate -22 + 0 + (-23 - (33 - 206 - -17)).
111
What is the value of 1 + (-2 + 0 - 4) + 17 + 13 + -25?
0
Evaluate -38 + 13 + 30 + -39 + 57.
23
What is the value of -3 - 105 - 2 - (-30 - 13 - (-19 - 23))?
-109
What is the value of 135 - 147 - (-5 + 14 + -15)?
-6
Evaluate (-207 - -189) + (-2 - 3 - 0) + 13.
-10
What is the value of 13 + (-30 - -10 - -11) + (0 - -9) + 2?
15
Evaluate 14 + (11 - (-10 - -9) - -23).
49
(1160 - 1142) + (-24 - 3)
-9
What is the value of -11 - -27 - (-7 + -3 + 50)?
-24
-194 - -121 - (2 - 99)
24
What is the value of -148 - (-100 - (-56 - -41))?
-63
What is the value of 21 - 3 - 4 - (23 + 8 + -95 + 17)?
61
Evaluate -86 + 70 + (18 - 59).
-57
What is the value of 4 + -31 + (13 + -10 - (5 - -2))?
-31
(2 - (3 - 7)) + 2097 + -1974
129
What is the value of -56 - -49 - -24 - (1 + -19)?
35
Evaluate (-73 + -5 - 5) + 123.
40
What is 1 + -90 - (1 + 6 + -6) - (-4336 + 4342)?
-96
What is -41 + 53 + -27 + 53?
38
Calculate 2 + 3 + -1 + (232 - 219).
17
Calculate -32 + 11 - -14 - (43 - 10).
-40
Evaluate 25 + -34 + 14 + 14 + 2.
21
(2 - 2) + 15 + -11 + (9 - (-17 - -19))
11
Evaluate (45 + (-16 - 7) - 22) + -9.
-9
Calculate -11 - (2 + -3) - (56 + (-53 - -9) + -84).
62
Evaluate 6 + (70 - 167 - -36).
-55
Calculate -2 + -5 - (9 + -1 + (-127 - -103)).
9
What is the value of -29 + 4 - -62 - 48?
-11
What is the value of 68 + (55 - 21) + -4 + -23?
75
What is (-64 - (1 + -84)) + (2 + -9 - -2)?
14
Evaluate 33 - (4 - -116) - (-10 - (-10 - -2)).
-85
1 + 17 + -32 + (19 - 56)
-51
Calculate (-35 - (77 - 51)) + 94.
33
What is -124 + 125 + (-114 - -62)?
-51
9 + -23 + -3 + (1 - 0 - -1)
-15
-97 + 117 + -50 + 1
-29
What is 11 - 3 - (593 - 567)?
-18
What is the value of 32 + 10 + 15 + -38?
19
Evaluate 31 + 15 + -58 + 47 + -26.
9
Evaluate (5 - (14 - -123)) + 64.
-68
-3 + (39 - 40) + -51 + 14
-41
4 + -2 + 2 + 573 + -527
50
What is (17 - 27 - 5 - -3 - 9) + -3?
-24
-96 - -114 - (-11 - (-5 + 5))
29
155 + 12 + -10 + -140
17
Evaluate (6 - (2 - 2)) + (-48 - (-34 - 2) - 34).
-40
What is the value of -69 + 52 - -36 - (-1 + -5)?
25
Calculate -1 + (34 - -37 - 23).
47
What is (1 - 9) + ((5 - 2) + -8 + 31 - -5)?
23
Calculate 6 - (70 - 85 - (-7 - -41)).
55
What is the value of -2 - (9 + -15 - 1) - (-11 + (96 - -8))?
-88
What is the value of 57 - (42 + -12 + (30 - 35))?
32
What is the value of (-5 - 2) + -2 + -1 + -50 + (-22 - -46)?
-36
What is the value of 2057 - 2030 - (0 + -15)?
42
What is the value of 6 - (15 + (-12 - 14)) - -25?
42
What is the value of 11 + (53 - (-20 - -3)) + -25?
56
Evaluate -1483 - -1549 - (3 - -45).
18
What is the value of 27 + 27 + -532 + 394?
-84
What is the value of 45 + -90 + 24 + -67 - ((0 - 0) + 3)?
-91
(0 - (23 - (45 - 3))) + -16
3
Evaluate ((1 - -21) + (-136 - -121) - 35) + -10.
-38
Calculate (0 - 82) + 499 + -456.
-39
Calculate (93 - -36) + (-233 - -174).
70
What is the value of 0 - -41 - (-126 - -145) - 6?
16
What is -66 + 174 + -197 + -20 + 2?
-107
What is 7 - (16 + -8) - (49 + 3 + -8 - 17)?
-28
Calculate (-39 - 4 - -19) + 22 + 9.
7
What is 4 + -1 + (-27 - -44)?
20
Evaluate (-69 - -62) + (-4 - 1) + -1 - 14.
-27
What is the value of 16 + (25 - (22 - 2) - 18)?
3
Calculate -36 + -2 + 9 + -1 + -24 - -9.
-45
What is the value of (4 - (-27 - -25)) + -53 + 24?
-23
(66 - 6) + (330 - 331) + (-1 - -1) + -4
55
What is 277 + -281 + 1 + -4 + -55 - -17?
-45
What is -44 - -3 - -37 - (17 - -3)?
-24
What is the value of 289 + -207 - (-26 - -164)?
-56
What is -2730 + 2762 - (2 - (9 + -3 + 2 - -2))?
40
Evaluate (-5 - -2) + -54 - -49.
-8
17 + 10 - (-23 - -15 - (2 + -1))
36
Calculate 27 + -36 - (-3 + 0 + 12) - -4.
-14
(9 + -1 - 33) + (-11 - -2) + 9
-25
Calculate -1 - (20 - 103) - (2 + 0 + 3).
77
Calculate (61 - -1) + 2 + 20841 + -20831.
74
Evaluate (10 - 8) + 10 + (-11 + 17 - 53).
-35
Calculate 44 + (1 - 3) + 4 + (128 - 131).
43
What is the value of -7 + (-17 + 6 + -22 - -18)?
-22
Calculate -2 + -10 - (34 + 30 - 9).
-67
141 + -29 + 1 + 271 + -265 + -10
109
Evaluate 33 + -2 + 0 + (13353 - 13406).
-22
(-1 - ((-7 - -6) + 4)) + (-293 - -238)
-59
-3 + 11 - (-2353 - -2333)
28
Evaluate -7 + -14 - (11 - 4) - (-1 - 6) - -3.
-18
18 - 59 - (1 - 40)
-2
Calculate (-4 - 53) + -19 - -146.
70
Evaluate (-1260 - -1223) + (0 - 20) + (1 - 2).
-58
Calculate (5 - (1 + -46)) + (-19 + 4 - -5).
40
Calculate 0 + (-6 - -13) + -7 + -1 + (-4 - 18).
-23
Evaluate 2 - (-77 + 2) - (-250 - -40 - -209).
78
Calculate 32 - (9 - -2 - (49 - 43) - -7).
20
Calculate -52 + (21 - (1 - 10 - -20)).
-42
57 + -54 + -71 + 1 + -54 + 49
-72
Evaluate 9 + -1 + (11 - ((-18 - -19) + (-6 - 3))).
27
Evaluate -2 - 93 - (-90 + 109 + -8 + (-5 - 2)).
-99
What is (19 - (-38 + 2 + 17)) + -9?
29
Calculate (-22 + 9 - 6) + 6 - 6.
-19
What is -1 + 1 - (17 + 20) - (71 + 25 + -95)?
-38
What is -50 - (-19 - (54 + -5))?
18
What is -69 - -47 - (-62 - -33)?
7
Evaluate (1 - -52) + -12 - (-13 + (-12 - -9) + 5).
52
Calculate 21 - -30 - ((2 - -3) + -28 + 30).
44
What is 0 + (1 - 8) + (-68 + -35 - -88)?
-22
What is the value of 2 + 34 - (-897 - -990) - -21?
-36
Evaluate -2 + 0 + 89 + 225 + -271.
41
What is the value of (5 - 5 - 83 - 5) + (121 - 61) + -69?
-97
Evaluate 49 + -153 + (-5 - -65).
-44
Evaluate 3 + -17 + (-210 - -221).
-3
Calculate -8 + (26 - 6) - (63 + -73).
22
What is the value of 10 + 25 - -95 - -4?
134
Calculate -7 + -5 + (-18 - -44) + -12.
2
Calculate (26 - 11) + -28 + 44 + -5.
26
What is (0 - -50 - (146 + -143)) + -20?
27
-50 - (-56 + -16 - -39)
-17
What is (4 - 4) + -25 + 109 - 1?
83
What is the value of (0 + 6 - -1) + (-66 + 12 - -41)?
-6
What is the value of -114 + 7 - (-84 + 31)?
-54
Calculate (37 + -73 + 49 - 61) + -37.
-85
Evaluate -1 + 49 + 77 + (-51 - 3